**2 - 5*b + 2. What is the tens digit of l(-6)?
6
Suppose -z + 4*a + 292 = 0, 5*a + 31 + 538 = 2*z. What is the tens digit of z?
7
Suppose -2*i - 5*y - 24 = 0, -5*i - 5*y = 10 + 50. Let l(r) = r**2 + 8*r + 2. Let q be l(i). Let z = q + -19. What is the tens digit of z?
3
Suppose -81*s - 12792 = -107*s. What is the tens digit of s?
9
What is the tens digit of (6/33)/((-2)/(-20702))?
8
Let z(a) be the first derivative of 6 - 2*a**2 + 3*a**2 + 10*a**2 + 3 - a. What is the tens digit of z(2)?
4
Suppose -2*r + 2*l = -r - 30, l = -3*r + 69. Let o be ((-27)/12)/(9/r). Let v = 18 + o. What is the tens digit of v?
1
Suppose -7*a - 5625 = -18799. What is the thousands digit of a?
1
Suppose 24108 + 5608 = 34*r. What is the tens digit of r?
7
Let o(j) = 23*j + 50. What is the units digit of o(6)?
8
Suppose w = -2*v + 7, -4*v = -5*w - v - 17. Suppose 4*z + z + 55 = -5*d, 0 = -5*d - 25. What is the units digit of 40 - w/2*z?
7
Let v be -2 + (-2 + -277)/(-3). Suppose -120 + 534 = 3*o. Let a = o - v. What is the units digit of a?
7
Suppose 3*z = 2*v + 6*z - 1030, 2*v - 2*z - 1040 = 0. What is the units digit of v?
8
Let c(b) = -b**2 + 12*b - 9. Let d(g) = g - 5. Let q be d(12). Let n be c(q). What is the units digit of (n/6)/(2/6)?
3
Let t = 21 - 32. Let z(f) be the first derivative of -f**4/4 - 10*f**3/3 + 5*f**2 + 7*f - 89. What is the units digit of z(t)?
8
Let a = -9 - -12. Suppose -15 = 3*y, -a*y = -2*d + 3 + 4. What is the tens digit of (d*33/(-6))/2?
1
Suppose 5*s - 2*s = -2*z + 6497, -2*z + 3*s = -6479. What is the units digit of z?
4
Let o(g) = 17*g**2 - 1. Let h = -7 - 0. Let q = -8 - h. What is the tens digit of o(q)?
1
Suppose 1518 = 4*g + 2*l, 381 = 3*g - 2*g - l. What is the tens digit of g?
8
Let t(o) be the third derivative of 5*o**4/6 - 7*o**3/3 + 12*o**2. What is the tens digit of t(4)?
6
What is the hundreds digit of (45/(-30))/(2/(-1916))?
4
Let j = -12 + 42. What is the units digit of (0 - (-184)/2)*j/24?
5
Let b = -111 - -203. Suppose -3*m + 6 = 5*x, -2 = -m - 8*x + 4*x. What is the tens digit of ((-4)/(-8))/(m/b)?
2
Suppose -3*y - 1 = -22. Let j be (14 - 21)*y*-2. Let d = j - 63. What is the tens digit of d?
3
Let b be 1703/9 + 2 - (-36)/(-162). Suppose 9*m - b - 205 = 0. What is the units digit of m?
4
Let x = -12 - 8. Let w(u) = u + 48. What is the tens digit of w(x)?
2
Suppose 1086 = 368*z - 367*z. What is the hundreds digit of z?
0
What is the tens digit of (4 - (-7364)/3) + 85/(-51)?
5
Suppose 3*q = -6, -j = j - 6*q - 602. What is the units digit of j?
5
Suppose -4*t + 17 + 3 = 0. Suppose 0*i - t*i = 0, -194 = -2*n + i. What is the tens digit of n?
9
Let m(f) = f - f + f - 64 + 74. Let p be ((-2)/3)/((-1)/(-6)). What is the units digit of m(p)?
6
Let r(f) = 5*f**2 - 3. Let g(p) = 25*p**2 - p - 14. Let h(o) = -2*g(o) + 11*r(o). What is the units digit of h(4)?
3
Let d(x) be the third derivative of -x**5/60 + 2*x**4/3 + x**3/2 + 7*x**2. What is the tens digit of d(7)?
6
Let u be (12/16)/(9/60). Let n(r) = r**3 - 5*r**2 - 4. Let w be n(u). What is the units digit of (w/(-6))/((-16)/(-72))?
3
Let d = 3 - 1. Suppose -5*n - 21 = 3*y, 3*y + y - 5*n - 7 = 0. What is the units digit of (-1)/(-2)*y + d?
1
Let z = 450 + -246. Let u = z + -144. What is the tens digit of u?
6
Let j = -944 + 1574. What is the tens digit of j?
3
Let y = 147 + -130. Suppose -5 = h - y. What is the tens digit of h?
1
Let y = 5517 + -3793. What is the hundreds digit of y?
7
Let s(n) = n**3 + 20*n**2 - 9*n - 25. Let x = 9 + -4. Let f(w) = -w**3 - 21*w**2 + 10*w + 26. Let j(y) = x*f(y) + 6*s(y). What is the tens digit of j(-15)?
4
Suppose 8*n = 9*n - 1, n = -3*d + 7564. What is the thousands digit of d?
2
Suppose 6*n = 2*n + 16. Suppose -8*g + 3*g + 3*r + 841 = 0, 5*g + n*r = 862. Suppose -2*q = -5*v - 3*q + 279, -g = -3*v + 2*q. What is the tens digit of v?
5
Let d(a) = 2*a - 18. Let w be d(7). What is the units digit of w/(-10) + (-3104)/(-40)?
8
Let f(b) = 106*b - 27. Let z be f(-2). Let c = z - -476. What is the hundreds digit of c?
2
Suppose -3*r + 61 = -11. Suppose -u + 26 = -r. Suppose 380 - u = 6*m. What is the tens digit of m?
5
Let o(u) = u**3 - 15*u**2 + 20*u - 67. What is the units digit of o(16)?
9
Let v = 799 - 415. What is the units digit of v?
4
Let f = 14 + -11. Suppose -199 = -f*w - 13. Let h = -33 + w. What is the tens digit of h?
2
Suppose h = 3*h - w - 112, 0 = -w. Let i be (-16)/h - (-438)/14. Let q = 52 - i. What is the units digit of q?
1
Let k be (0/(-3 + 2))/((-4)/2). Suppose k*c - 240 = -4*c - v, 3*v = 3*c - 195. What is the units digit of c?
1
Let c be (-15)/2*132/(-55). Suppose -5*y + 28 = t - 2*y, 2*y + c = t. What is the tens digit of t?
2
Let o = -748 + 1153. What is the hundreds digit of o?
4
Suppose -4 = -5*b + 46. Let w be 72/20 + (-6)/b. What is the tens digit of (7/3 - w)*-60?
4
Suppose k + k + 4 = 0, 4*k - 57 = -5*w. Suppose -1489 = -w*i + 864. What is the units digit of i?
1
Let g be -4 + 966/8 - (-2)/8. Let t = g + 100. What is the hundreds digit of t?
2
Let k(w) = -78*w + 170. What is the thousands digit of k(-19)?
1
Suppose 21 = 2*s + 5*s. What is the hundreds digit of 10 + -9 + (s - 1) + 133?
1
Let h(q) = q**2 + 2*q + 1. Let z be h(-3). Suppose z*a = 11 + 101. Let r = a + -4. What is the tens digit of r?
2
Let d be 56/(-21)*24/(-2). Suppose d = 6*b - 2*b. Let s = 27 - b. What is the units digit of s?
9
Suppose -22 - 42 = -4*m. Let g = 24 - m. Suppose d - g = 5*u, -48 = -2*d - 0*u + 2*u. What is the tens digit of d?
2
Let m(z) = -z**3 - 13*z**2 - 12*z - 2. Let p be m(-12). Let d = 2 - p. What is the tens digit of (6 - -36)*d/6?
2
Let t(s) be the third derivative of s**5/30 - 17*s**4/24 + 8*s**3/3 + 13*s**2. What is the units digit of t(11)?
1
Let w = 494 + 608. What is the units digit of w?
2
Let v = -1098 + 2302. What is the thousands digit of v?
1
Suppose -4*v - y = -4*y - 15, 0 = 3*v - 5*y - 25. Let q(f) = -3*f - 8. Let i be q(-4). Suppose -i*h - 45 + 133 = v. What is the tens digit of h?
2
Suppose -152 = -c + 426. Suppose -9*o + c = -592. What is the units digit of o?
0
Let c(l) = -l**2 + 59*l - 6. What is the units digit of c(27)?
8
Suppose -1655 = -5*c + c + t, 1 = t. What is the units digit of c?
4
Suppose -79285 - 24619 = -16*q. What is the units digit of q?
4
Suppose 3 = 6*t - 4*t - u, t + u - 6 = 0. Let f be 2 + (1 - -28) - t. Let y = f - 18. What is the tens digit of y?
1
Let p = 905 + -457. What is the hundreds digit of p?
4
Let m = -59 + 61. Suppose 0 = -m*n - n + 261. What is the tens digit of n?
8
Suppose -5*l = -11*z + 8*z + 372, -5*z - l = -592. What is the hundreds digit of z?
1
Let r = -584 - -1335. What is the tens digit of r?
5
Let n(t) = -t**2 - 4*t - 4. Let o be n(-2). Suppose o = -2*q + 6*q - 160. What is the tens digit of q?
4
Suppose -10*m = 2*m - 36. Suppose -5*j + 935 = 5*t, 0*j - j + 371 = 2*t. Suppose 0 = -3*z + w + 88 + 112, t = m*z - 5*w. What is the units digit of z?
8
Suppose 5*k + 8 = 7*k. Suppose 5*y - 140 = 5*o, 0 = -k*o + 2*y - 180 + 62. Let z = -24 - o. What is the units digit of z?
7
Let b(h) = 22*h**3 + h**2 + h - 1. Let k(w) = 3*w**2 - 4*w**3 + w + 12*w**3 - 7*w**3 - 1. Let c be k(-2). What is the tens digit of b(c)?
2
Let v be 45/21 + (-1)/(7/1). What is the tens digit of (-17)/(28/16 - v)?
6
Let z be (-1)/(-3) - 94544/(-48). Suppose -7*g + z = 493. What is the hundreds digit of g?
2
Let h(f) = -f + 1. Let y be h(12). Let v = 11 + y. Suppose v*w = w - 36. What is the tens digit of w?
3
Suppose 2*i + 4 = -0*i. What is the units digit of (-12)/(-8)*i + (8 - -1)?
6
Let z(l) = -l - 3. Let y be z(4). Let m(c) = c**3 + 11*c**2 + 16*c + 7. What is the tens digit of m(y)?
9
Let v = 4 - 4. Suppose -2*l = -5*k + 31, -l + 0 - 3 = v. Suppose -2*p - 57 = -k*p. What is the tens digit of p?
1
Suppose 4*j - 15 = -3. Suppose -y + j*y + 366 = 0. Let i = -131 - y. What is the units digit of i?
2
Let m(k) = k**3 + 25*k**2 + 24*k - 13. What is the units digit of m(-13)?
3
Let b(s) = -s**3 - 8*s**2 - s - 9. Let q be b(-8). What is the tens digit of (1 + (4 + -135 - 2))/q?
3
Let u(o) = o**3 - 6*o**2 + 7*o - 3. Let l be u(5). Suppose l*k - 3*k = 112. What is the units digit of k?
8
What is the thousands digit of (5 - 3)/(-6) + 3043/3?
1
Let l(n) = n**3 - 2*n. Let d be l(2). Suppose d*p - 141 = p. What i